er?
True
Is 165100189 prime?
True
Is 108505853 a composite number?
True
Is 45056659 prime?
False
Is 797877767 a prime number?
True
Is 1751446391 prime?
False
Is 14131889 composite?
False
Is 166771373 prime?
False
Is 135404961353 composite?
True
Is 3254027765 composite?
True
Is 11172240614 a composite number?
True
Is 50830185937 a composite number?
False
Is 1327845277 a composite number?
True
Is 2467371539 a prime number?
True
Is 9160608133 prime?
True
Is 3649165849 a composite number?
True
Is 8400735851 a composite number?
False
Is 6396651179 composite?
False
Is 399658121 a composite number?
False
Is 2841081002 a composite number?
True
Is 3675649889 a composite number?
False
Is 9987787723 prime?
True
Is 1795248218 prime?
False
Is 5695746941 prime?
True
Is 4379441141 a composite number?
False
Is 12857009 prime?
False
Is 3068075693 composite?
True
Is 1248709459 prime?
True
Is 758257897 a prime number?
True
Is 137834054 composite?
True
Is 58877855 a composite number?
True
Is 11517101419 a prime number?
False
Is 369581843 composite?
False
Is 296434513 a prime number?
False
Is 7049451961 a prime number?
True
Is 241368987 prime?
False
Is 138887071157 a composite number?
False
Is 23569020451 a prime number?
True
Is 1459896601 composite?
False
Is 34245411911 composite?
True
Is 846230173 prime?
True
Is 36421826327 prime?
False
Is 2169595951 prime?
True
Is 1275275891 prime?
False
Is 442783769 composite?
False
Is 7889742515 prime?
False
Is 8131725487 a prime number?
False
Is 83591119 composite?
True
Is 95973421 composite?
False
Is 493234393 a composite number?
False
Is 248899499 prime?
False
Is 1743805477 a composite number?
True
Is 540042367 prime?
True
Is 19386436177 prime?
True
Is 196380822767 a prime number?
True
Is 28730889283 prime?
True
Is 746311021 composite?
False
Is 2303210401 prime?
False
Is 3606586777 composite?
False
Is 10123921001 a prime number?
False
Is 51111951169 a composite number?
False
Is 3791583449 prime?
True
Is 2444960839 a composite number?
False
Is 7759238183 a composite number?
True
Is 577690417 a composite number?
True
Is 1063058851 a prime number?
False
Is 1259957207 a composite number?
True
Is 4299887239 prime?
False
Is 1316105759 composite?
False
Is 211676961 prime?
False
Is 1130214389 composite?
False
Is 2692620673 a prime number?
True
Is 13789859641 a prime number?
True
Is 1893019801 a prime number?
False
Is 11453736941 a prime number?
True
Is 4801178163 a prime number?
False
Is 25123413391 a prime number?
False
Is 14210532317 a composite number?
True
Is 10093195201 prime?
False
Is 159515809 a composite number?
False
Is 9110934109 composite?
True
Is 201515591 prime?
True
Is 10990218809 composite?
False
Is 1659481891 a composite number?
False
Is 1113483655 a composite number?
True
Is 103283658031 a composite number?
False
Is 331720969 a composite number?
True
Is 1648516403 prime?
True
Is 2789231491 composite?
False
Is 44981727807 a composite number?
True
Is 8194485881 prime?
True
Is 130853381 prime?
True
Is 6029153671 a prime number?
True
Is 36923134331 composite?
False
Is 18469191071 a composite number?
True
Is 1992491317 a prime number?
True
Is 681250931 a composite number?
False
Is 109163072215 a composite number?
True
Is 6693910177 a composite number?
False
Is 3908199107 composite?
True
Is 72074370129 a prime number?
False
Is 1140168443 composite?
True
Is 513156329 prime?
False
Is 442251361 composite?
False
Is 156410781055 a composite number?
True
Is 5189991019 a composite number?
False
Is 10269935003 a prime number?
False
Is 8311536047 composite?
False
Is 2602841047 composite?
False
Is 2294297014 a prime number?
False
Is 24255963767 prime?
False
Is 7370113043 a composite number?
True
Is 993928597 prime?
True
Is 1974336389 composite?
False
Is 5071104583 a composite number?
False
Is 8973108899 a prime number?
True
Is 184472945099 composite?
True
Is 27915618667 a prime number?
False
Is 512416838 a composite number?
True
Is 3674159299 a composite number?
True
Is 5724339329 a prime number?
True
Is 537401749 a prime number?
True
Is 487492042 a composite number?
True
Is 3819948029 a composite number?
True
Is 1089675721 composite?
True
Is 275538362867 a composite number?
False
Is 86022224441 composite?
False
Is 20544097033 a prime number?
True
Is 52968512321 prime?
False
Is 2717483291 composite?
True
Is 33253879033 prime?
True
Is 31154371789 a composite number?
True
Is 231414467 composite?
False
Is 1498908949 a composite number?
True
Is 10578817211 a prime number?
True
Is 12926523553 prime?
False
Is 182311730761 a prime number?
False
Is 2777409883 composite?
True
Is 21235141049 a prime number?
False
Is 2129104697 composite?
True
Is 4082701817 composite?
True
Is 25657607203 a composite number?
True
Is 986832781 a prime number?
False
Is 1464023861 a composite number?
False
Is 1418347241 a composite number?
True
Is 440559815 a composite number?
True
Is 6482861843 composite?
False
Is 361309987 composite?
False
Is 73839570031 composite?
False
Is 23794290791 a prime number?
True
Is 26649865083 prime?
False
Is 503678141 prime?
True
Is 133146241 composite?
True
Is 34499893453 a composite number?
False
Is 28904729531 a composite number?
False
Is 1389525373 composite?
True
Is 7571201581 a prime number?
True
Is 2133279361 composite?
True
Is 15091802189 prime?
False
Is 86595553 a prime number?
False
Is 38819480437 prime?
True
Is 2552668669 a composite number?
True
Is 33553299259 a composite number?
False
Is 4697861779 prime?
False
Is 269876333 a prime number?
True
Is 128493671 prime?
False
Is 985500877 a prime number?
False
Is 1183870823 a prime number?
True
Is 1305104117 a composite number?
False
Is 35712628403 a composite number?
False
Is 3765176873 a prime number?
False
Is 36354229 prime?
True
Is 15098707381 prime?
True
Is 61533964673 prime?
True
Is 1149037133 prime?
True
Is 235803171269 a prime number?
True
Is 5493744553 a prime number?
False
Is 1659025063 a prime number?
True
Is 5703349427 composite?
False
Is 6078724811 composite?
False
Is 57142697 a prime number?
False
Is 12003216857 a prime number?
False
Is 317604473 a composite number?
True
Is 62893121 a composite number?
False
Is 738968731 composite?
True
Is 240703471 a composite number?
False
Is 8335353239 composite?
True
Is 552322739 a prime number?
False
Is 1053670187 composite?
True
Is 412780254373 a prime number?
False
Is 7941857323 composite?
False
Is 387526183 a composite number?
True
Is 9236659031 a prime number?
False
Is 5276851477 a prime number?
True
Is 43342754603 a prime number?
False
Is 22783929199 composite?
True
Is 85900883227 composite?
True
Is 4115940931 a composite number?
False
Is 20812133297 a prime number?
True
Is 6589424129 a composite number?
True
Is 667131877 a prime number?
True
Is 10367577365 prime?
False
Is 611156419 a composite number?
False
Is 293258057 prime?
True
Is 88285143677 a prime number?
False
Is 233916427 a prime number?
True
Is 539898973 prime?
True
Is 224301191 a prime number?
True
Is 170984409 composite?
True
Is 2793085627 composite?
False
Is 11886781009 a prime number?
False
Is 20322209042 a composite number?
True
Is 9438951283 a prime number?
True
Is 14135389 a composite number?
True
Is 115014615811 a prime number?
False
Is 21263802767 prime?
False
Is 727442207 a composite number?
False
Is 20923607 a composite number?
False
Is 4566621793 composite?
True
Is 117691990167 a prime number?
False
Is 731835953 a prime number?
False
Is 19131192373 composite?
False
Is 31061997271 a composite number?
False
Is 1317428339 prime?
False
Is 4084718863 a prime number?
True
Is 51602573 a composite number?
True
Is 6545748383 composite?
True
Is 2092271179 a composite number?
False
Is 894091909 a composite number?
False
Is 687976603 a prime number?
True
Is 83571124627 a prime number?
True
Is 1542404001 composite?
True
Is 6918602983 prime?
False
Is 2045986559 composite?
False
Is 212417761 a prime number?
False
Is 2418644287 prime?
True
Is 81468934333 a prime number?
True
Is 2662136203 a composite number?
False
Is 966067387 a prime number?
True
Is 897422093 prime?
False
Is 5352897689 composite?
True
Is 6836351 composite?
False
Is 2831128799 a composite number?
True
Is 1268637883 prime?
False
Is 9235740277 a prime number?
True
Is 3180766993 prime?
False